{"id":6654,"date":"2013-12-13T09:39:48","date_gmt":"2013-12-13T09:39:48","guid":{"rendered":"http:\/\/demo.qodeinteractive.com\/elision\/?page_id=6654"},"modified":"2025-11-27T06:08:47","modified_gmt":"2025-11-27T06:08:47","slug":"nosotros","status":"publish","type":"page","link":"https:\/\/costatropic.webrandcr.cloud\/index.php\/nosotros\/","title":{"rendered":"Nosotros"},"content":{"rendered":"<section class=\"wpb-content-wrapper\">[vc_row row_type=&#8221;section&#8221; type=&#8221;grid&#8221; text_align=&#8221;left&#8221; video=&#8221;&#8221; padding_top=&#8221;85&#8243;][vc_column width=&#8221;1\/6&#8243;][vc_single_image image=&#8221;7663&#8243; img_size=&#8221;200&#215;300&#8243; alignment=&#8221;center&#8221;][\/vc_column][vc_column width=&#8221;1\/6&#8243;][vc_column_text]<strong><span style=\"color: #000000;\">Calidad desde el origen<\/span><\/strong>[\/vc_column_text][vc_column_text]<span style=\"color: #000000;\">En Costatropic cultivamos y procesamos productos agr\u00edcolas en las f\u00e9rtiles tierras de Costa Rica. Cada cosecha refleja nuestro compromiso con la calidad, la frescura y el sabor natural de los tr\u00f3picos.<\/span>[\/vc_column_text][\/vc_column][vc_column width=&#8221;1\/6&#8243;][vc_single_image image=&#8221;7664&#8243; img_size=&#8221;200&#215;300&#8243;][\/vc_column][vc_column width=&#8221;1\/6&#8243;][vc_column_text]<strong><span style=\"color: #000000;\">Procesos con est\u00e1ndares internacionales<br \/>\n<\/span><\/strong>[\/vc_column_text][vc_column_text]<span style=\"color: #000000;\">En Costatropic cultivamos y procesamos productos agr\u00edcolas en las f\u00e9rtiles tierras de Costa Rica. Cada cosecha refleja nuestro compromiso con la calidad, la frescura y el sabor natural de los tr\u00f3picos.<\/span>[\/vc_column_text][\/vc_column][vc_column width=&#8221;1\/6&#8243;][vc_single_image image=&#8221;7666&#8243; img_size=&#8221;200&#215;300&#8243;][\/vc_column][vc_column width=&#8221;1\/6&#8243;][vc_column_text]<strong><span style=\"color: #000000;\">Compromiso con la sostenibilidad<\/span><\/strong>[\/vc_column_text][vc_column_text]<span style=\"color: #000000;\">Apoyamos a peque\u00f1os productores locales y promovemos pr\u00e1cticas agr\u00edcolas sostenibles que cuidan el ambiente y fortalecen a nuestras comunidades.<\/span>[\/vc_column_text][\/vc_column][\/vc_row][vc_row row_type=&#8221;row&#8221; text_align=&#8221;left&#8221; css_animation=&#8221;&#8221;][vc_column][\/vc_column][\/vc_row][vc_row row_type=&#8221;section&#8221; type=&#8221;grid&#8221; text_align=&#8221;left&#8221; video=&#8221;&#8221; background_color=&#8221;#f6f6f6&#8243; padding_top=&#8221;80&#8243; padding_bottom=&#8221;80&#8243;][vc_column width=&#8221;1\/2&#8243;][vc_row_inner row_type=&#8221;row&#8221; text_align=&#8221;center&#8221; css_animation=&#8221;element_from_left&#8221;][vc_column_inner][vc_single_image image=&#8221;7512&#8243; img_size=&#8221;full&#8221;][\/vc_column_inner][\/vc_row_inner][\/vc_column][vc_column width=&#8221;1\/2&#8243;][vc_row_inner row_type=&#8221;row&#8221; text_align=&#8221;left&#8221; css_animation=&#8221;&#8221;][vc_column_inner][vc_column_text]\n<h3>\u00bfQui\u00e9nes somos?<\/h3>\n[\/vc_column_text][vc_separator type=&#8221;transparent&#8221; up=&#8221;12&#8243; down=&#8221;12&#8243;][vc_column_text]<span style=\"color: #000000;\">Somos una empresa agroindustrial que genera valor a nuestros clientes, beneficios econ\u00f3micos a socios y un trabajo digno y seguro para nuestros colaboradores. Producimos Yuca y Banano frescos de calidad premium, y productos m\u00ednimamente procesados a base de yuca, pl\u00e1tano y camote. Somos la rica herencia y el sabor excepcional de Costa Rica.<\/span>[\/vc_column_text]<a href=\"https:\/\/costatropic.webrandcr.cloud\/index.php\/contact\/\" target=\"_self\" class=\"qbutton  tiny\" style=\"\">Contactenos<i class=\"fa fa-angle-right fa-lg\" style=\"\"><\/i><\/a>[vc_separator type=&#8221;transparent&#8221; up=&#8221;15&#8243; down=&#8221;15&#8243;][\/vc_column_inner][\/vc_row_inner][\/vc_column][\/vc_row][vc_row row_type=&#8221;section&#8221; type=&#8221;grid&#8221; text_align=&#8221;left&#8221; video=&#8221;&#8221; background_color=&#8221;#ffffff&#8221; padding_top=&#8221;80&#8243; padding_bottom=&#8221;80&#8243;][vc_column width=&#8221;1\/2&#8243;][vc_row_inner row_type=&#8221;row&#8221; text_align=&#8221;left&#8221; css_animation=&#8221;&#8221;][vc_column_inner][vc_column_text]\n<h3>Nuestros or\u00edgenes<\/h3>\n[\/vc_column_text][vc_separator type=&#8221;transparent&#8221; up=&#8221;12&#8243; down=&#8221;12&#8243;][vc_column_text]<span style=\"color: #000000;\">Costatropic, fundada hace m\u00e1s de 25 a\u00f1os, tiene sus ra\u00edces en Pococ\u00ed de Gu\u00e1piles, una regi\u00f3n reconocida por cosechar los m\u00e1s nutritivos tub\u00e9rculos y mus\u00e1ceas. El clima ideal, la riqueza del suelo y la proximidad a comunidades de agricultores dedicados y experimentados.<\/span><\/p>\n<p><span style=\"color: #000000;\">Cada producto que exportamos ha superado estrictos est\u00e1ndares de calidad, al respecto de su grosor, forma, cremosidad y frescura as\u00ed como el cumplimiento en fincas de buenas pr\u00e1cticas agr\u00edcolas y de sostenibilidad. En planta, nuestros procesos incluyen la verificaci\u00f3n de estos est\u00e1ndares de producto de ingreso y producto final para la exportaci\u00f3n; as\u00ed mismo la prevenci\u00f3n y seguimiento de la salud ocupacional de nuestro valioso personal.<\/span>[\/vc_column_text][vc_separator type=&#8221;transparent&#8221; up=&#8221;15&#8243; down=&#8221;15&#8243;][\/vc_column_inner][\/vc_row_inner][\/vc_column][vc_column width=&#8221;1\/2&#8243;][vc_row_inner row_type=&#8221;row&#8221; text_align=&#8221;center&#8221; css_animation=&#8221;element_from_right&#8221;][vc_column_inner][vc_single_image image=&#8221;7515&#8243; img_size=&#8221;full&#8221;][\/vc_column_inner][\/vc_row_inner][\/vc_column][\/vc_row][vc_row row_type=&#8221;row&#8221; text_align=&#8221;left&#8221; css_animation=&#8221;&#8221;][vc_column][vc_raw_html]JTNDdmlkZW8lMjB3aWR0aCUzRCUyMjEwMCUyNSUyMiUyMGNvbnRyb2xzJTIwcHJlbG9hZCUzRCUyMm1ldGFkYXRhJTIyJTNFJTBBJTIwJTIwJTNDc291cmNlJTIwc3JjJTNEJTIyaHR0cCUzQSUyRiUyRmNvc3RhdHJvcGljLndlYnJhbmRjci5jbG91ZCUyRndwLWNvbnRlbnQlMkZ1cGxvYWRzJTJGMjAyNSUyRjExJTJGVmlkZW8tQ29vcnBvcmF0aXZvLUNvc3RhdHJvcGljLTEtb25saW5lLXZpZGVvLWN1dHRlci5jb20tMi0xLm1wNCUyMiUyMHR5cGUlM0QlMjJ2aWRlbyUyRm1wNCUyMiUzRSUwQSUyMCUyMFR1JTIwbmF2ZWdhZG9yJTIwbm8lMjBzb3BvcnRhJTIwZWwlMjB2aWRlby4lMEElM0MlMkZ2aWRlbyUzRQ==[\/vc_raw_html][\/vc_column][\/vc_row][vc_row row_type=&#8221;row&#8221; text_align=&#8221;left&#8221; css_animation=&#8221;&#8221; css=&#8221;.vc_custom_1763000195737{margin-right: 10px !important;margin-left: 10px !important;}&#8221;][vc_column]<div class=\"woocommerce columns-4 \"><ul class=\"products columns-4 clearfix\"><li class=\"product type-product post-7727 status-publish first instock product_cat-congelados has-post-thumbnail featured shipping-taxable product-type-simple\">\n\n\t<a href=\"https:\/\/costatropic.webrandcr.cloud\/index.php\/producto\/yuca-fries\/\" class=\"woocommerce-LoopProduct-link woocommerce-loop-product__link\"><img loading=\"lazy\" decoding=\"async\" width=\"300\" height=\"300\" src=\"https:\/\/costatropic.webrandcr.cloud\/wp-content\/uploads\/2025\/11\/YUCA-FRIES-bolsa-300x300.png\" class=\"attachment-woocommerce_thumbnail size-woocommerce_thumbnail\" alt=\"Yuca fries\" srcset=\"https:\/\/costatropic.webrandcr.cloud\/wp-content\/uploads\/2025\/11\/YUCA-FRIES-bolsa-300x300.png 300w, https:\/\/costatropic.webrandcr.cloud\/wp-content\/uploads\/2025\/11\/YUCA-FRIES-bolsa-100x100.png 100w, https:\/\/costatropic.webrandcr.cloud\/wp-content\/uploads\/2025\/11\/YUCA-FRIES-bolsa-600x600.png 600w, https:\/\/costatropic.webrandcr.cloud\/wp-content\/uploads\/2025\/11\/YUCA-FRIES-bolsa-1024x1024.png 1024w, https:\/\/costatropic.webrandcr.cloud\/wp-content\/uploads\/2025\/11\/YUCA-FRIES-bolsa-150x150.png 150w, https:\/\/costatropic.webrandcr.cloud\/wp-content\/uploads\/2025\/11\/YUCA-FRIES-bolsa-768x768.png 768w, https:\/\/costatropic.webrandcr.cloud\/wp-content\/uploads\/2025\/11\/YUCA-FRIES-bolsa-520x520.png 520w, https:\/\/costatropic.webrandcr.cloud\/wp-content\/uploads\/2025\/11\/YUCA-FRIES-bolsa.png 1200w\" sizes=\"auto, (max-width: 300px) 100vw, 300px\" \/>\t<h4>Yuca fries<\/h4>\n\n\t\n<\/a><span class=\"add-to-cart-button-outer\"><span class=\"add-to-cart-button-inner\"><a rel=\"nofollow\" href=\"https:\/\/costatropic.webrandcr.cloud\/index.php\/producto\/yuca-fries\/\" data-quantity=\"1\" class=\"qbutton add-to-cart-button button product_type_simple\" data-product_id=\"7727\" data-product_sku=\"\" aria-label=\"Lee m\u00e1s sobre &ldquo;Yuca fries&rdquo;\" rel=\"nofollow\" data-success_message=\"\">Leer m\u00e1s<\/a><\/span><\/span>\n<\/li><li class=\"product type-product post-7693 status-publish instock product_cat-congelados has-post-thumbnail featured shipping-taxable product-type-simple\">\n\n\t<a href=\"https:\/\/costatropic.webrandcr.cloud\/index.php\/producto\/malanga\/\" class=\"woocommerce-LoopProduct-link woocommerce-loop-product__link\"><img loading=\"lazy\" decoding=\"async\" width=\"300\" height=\"300\" src=\"https:\/\/costatropic.webrandcr.cloud\/wp-content\/uploads\/2025\/11\/MALANGA-bolsa-1-300x300.png\" class=\"attachment-woocommerce_thumbnail size-woocommerce_thumbnail\" alt=\"Malanga french fries\" srcset=\"https:\/\/costatropic.webrandcr.cloud\/wp-content\/uploads\/2025\/11\/MALANGA-bolsa-1-300x300.png 300w, https:\/\/costatropic.webrandcr.cloud\/wp-content\/uploads\/2025\/11\/MALANGA-bolsa-1-100x100.png 100w, https:\/\/costatropic.webrandcr.cloud\/wp-content\/uploads\/2025\/11\/MALANGA-bolsa-1-600x600.png 600w, https:\/\/costatropic.webrandcr.cloud\/wp-content\/uploads\/2025\/11\/MALANGA-bolsa-1-1024x1024.png 1024w, https:\/\/costatropic.webrandcr.cloud\/wp-content\/uploads\/2025\/11\/MALANGA-bolsa-1-150x150.png 150w, https:\/\/costatropic.webrandcr.cloud\/wp-content\/uploads\/2025\/11\/MALANGA-bolsa-1-768x768.png 768w, https:\/\/costatropic.webrandcr.cloud\/wp-content\/uploads\/2025\/11\/MALANGA-bolsa-1-520x520.png 520w, https:\/\/costatropic.webrandcr.cloud\/wp-content\/uploads\/2025\/11\/MALANGA-bolsa-1.png 1200w\" sizes=\"auto, (max-width: 300px) 100vw, 300px\" \/>\t<h4>Malanga french fries<\/h4>\n\n\t\n<\/a><span class=\"add-to-cart-button-outer\"><span class=\"add-to-cart-button-inner\"><a rel=\"nofollow\" href=\"https:\/\/costatropic.webrandcr.cloud\/index.php\/producto\/malanga\/\" data-quantity=\"1\" class=\"qbutton add-to-cart-button button product_type_simple\" data-product_id=\"7693\" data-product_sku=\"\" aria-label=\"Lee m\u00e1s sobre &ldquo;Malanga french fries&rdquo;\" rel=\"nofollow\" data-success_message=\"\">Leer m\u00e1s<\/a><\/span><\/span>\n<\/li><li class=\"product type-product post-7691 status-publish instock product_cat-congelados has-post-thumbnail featured shipping-taxable product-type-simple\">\n\n\t<a href=\"https:\/\/costatropic.webrandcr.cloud\/index.php\/producto\/yuca-crocante\/\" class=\"woocommerce-LoopProduct-link woocommerce-loop-product__link\"><img loading=\"lazy\" decoding=\"async\" width=\"300\" height=\"300\" src=\"https:\/\/costatropic.webrandcr.cloud\/wp-content\/uploads\/2025\/11\/YUCA-CROQUETTES-bolsa-300x300.png\" class=\"attachment-woocommerce_thumbnail size-woocommerce_thumbnail\" alt=\"Yuca croquetas\" srcset=\"https:\/\/costatropic.webrandcr.cloud\/wp-content\/uploads\/2025\/11\/YUCA-CROQUETTES-bolsa-300x300.png 300w, https:\/\/costatropic.webrandcr.cloud\/wp-content\/uploads\/2025\/11\/YUCA-CROQUETTES-bolsa-100x100.png 100w, https:\/\/costatropic.webrandcr.cloud\/wp-content\/uploads\/2025\/11\/YUCA-CROQUETTES-bolsa-600x600.png 600w, https:\/\/costatropic.webrandcr.cloud\/wp-content\/uploads\/2025\/11\/YUCA-CROQUETTES-bolsa-1024x1024.png 1024w, https:\/\/costatropic.webrandcr.cloud\/wp-content\/uploads\/2025\/11\/YUCA-CROQUETTES-bolsa-150x150.png 150w, https:\/\/costatropic.webrandcr.cloud\/wp-content\/uploads\/2025\/11\/YUCA-CROQUETTES-bolsa-768x768.png 768w, https:\/\/costatropic.webrandcr.cloud\/wp-content\/uploads\/2025\/11\/YUCA-CROQUETTES-bolsa-520x520.png 520w, https:\/\/costatropic.webrandcr.cloud\/wp-content\/uploads\/2025\/11\/YUCA-CROQUETTES-bolsa.png 1200w\" sizes=\"auto, (max-width: 300px) 100vw, 300px\" \/>\t<h4>Yuca croquetas<\/h4>\n\n\t\n<\/a><span class=\"add-to-cart-button-outer\"><span class=\"add-to-cart-button-inner\"><a rel=\"nofollow\" href=\"https:\/\/costatropic.webrandcr.cloud\/index.php\/producto\/yuca-crocante\/\" data-quantity=\"1\" class=\"qbutton add-to-cart-button button product_type_simple\" data-product_id=\"7691\" data-product_sku=\"\" aria-label=\"Lee m\u00e1s sobre &ldquo;Yuca croquetas&rdquo;\" rel=\"nofollow\" data-success_message=\"\">Leer m\u00e1s<\/a><\/span><\/span>\n<\/li><li class=\"product type-product post-7684 status-publish last instock product_cat-congelados has-post-thumbnail featured shipping-taxable product-type-simple\">\n\n\t<a href=\"https:\/\/costatropic.webrandcr.cloud\/index.php\/producto\/platanos-fritos\/\" class=\"woocommerce-LoopProduct-link woocommerce-loop-product__link\"><img loading=\"lazy\" decoding=\"async\" width=\"300\" height=\"300\" src=\"https:\/\/costatropic.webrandcr.cloud\/wp-content\/uploads\/2025\/11\/PLANTAIN-FRIES-bolsa-300x300.png\" class=\"attachment-woocommerce_thumbnail size-woocommerce_thumbnail\" alt=\"Pl\u00e1tanos french fries\" srcset=\"https:\/\/costatropic.webrandcr.cloud\/wp-content\/uploads\/2025\/11\/PLANTAIN-FRIES-bolsa-300x300.png 300w, https:\/\/costatropic.webrandcr.cloud\/wp-content\/uploads\/2025\/11\/PLANTAIN-FRIES-bolsa-100x100.png 100w, https:\/\/costatropic.webrandcr.cloud\/wp-content\/uploads\/2025\/11\/PLANTAIN-FRIES-bolsa-600x600.png 600w, https:\/\/costatropic.webrandcr.cloud\/wp-content\/uploads\/2025\/11\/PLANTAIN-FRIES-bolsa-1024x1024.png 1024w, https:\/\/costatropic.webrandcr.cloud\/wp-content\/uploads\/2025\/11\/PLANTAIN-FRIES-bolsa-150x150.png 150w, https:\/\/costatropic.webrandcr.cloud\/wp-content\/uploads\/2025\/11\/PLANTAIN-FRIES-bolsa-768x768.png 768w, https:\/\/costatropic.webrandcr.cloud\/wp-content\/uploads\/2025\/11\/PLANTAIN-FRIES-bolsa-520x520.png 520w, https:\/\/costatropic.webrandcr.cloud\/wp-content\/uploads\/2025\/11\/PLANTAIN-FRIES-bolsa.png 1200w\" sizes=\"auto, (max-width: 300px) 100vw, 300px\" \/>\t<h4>Pl\u00e1tanos french fries<\/h4>\n\n\t\n<\/a><span class=\"add-to-cart-button-outer\"><span class=\"add-to-cart-button-inner\"><a rel=\"nofollow\" href=\"https:\/\/costatropic.webrandcr.cloud\/index.php\/producto\/platanos-fritos\/\" data-quantity=\"1\" class=\"qbutton add-to-cart-button button product_type_simple\" data-product_id=\"7684\" data-product_sku=\"\" aria-label=\"Lee m\u00e1s sobre &ldquo;Pl\u00e1tanos french fries&rdquo;\" rel=\"nofollow\" data-success_message=\"\">Leer m\u00e1s<\/a><\/span><\/span>\n<\/li><\/ul>\n<\/div>[\/vc_column][\/vc_row]\n<\/section>","protected":false},"excerpt":{"rendered":"<p>[vc_row row_type=&#8221;section&#8221; type=&#8221;grid&#8221; text_align=&#8221;left&#8221; video=&#8221;&#8221; padding_top=&#8221;85&#8243;][vc_column width=&#8221;1\/6&#8243;][vc_single_image image=&#8221;7663&#8243; img_size=&#8221;200&#215;300&#8243; alignment=&#8221;center&#8221;][\/vc_column][vc_column width=&#8221;1\/6&#8243;][vc_column_text]Calidad desde el origen[\/vc_column_text][vc_column_text]En Costatropic cultivamos y procesamos productos agr\u00edcolas en las f\u00e9rtiles tierras de Costa Rica. Cada cosecha refleja nuestro compromiso con la calidad, la frescura y el sabor natural de los tr\u00f3picos.[\/vc_column_text][\/vc_column][vc_column width=&#8221;1\/6&#8243;][vc_single_image&#8230;<\/p>\n","protected":false},"author":1,"featured_media":0,"parent":0,"menu_order":0,"comment_status":"open","ping_status":"closed","template":"full_width.php","meta":{"footnotes":""},"class_list":["post-6654","page","type-page","status-publish","hentry"],"_links":{"self":[{"href":"https:\/\/costatropic.webrandcr.cloud\/index.php\/wp-json\/wp\/v2\/pages\/6654","targetHints":{"allow":["GET"]}}],"collection":[{"href":"https:\/\/costatropic.webrandcr.cloud\/index.php\/wp-json\/wp\/v2\/pages"}],"about":[{"href":"https:\/\/costatropic.webrandcr.cloud\/index.php\/wp-json\/wp\/v2\/types\/page"}],"author":[{"embeddable":true,"href":"https:\/\/costatropic.webrandcr.cloud\/index.php\/wp-json\/wp\/v2\/users\/1"}],"replies":[{"embeddable":true,"href":"https:\/\/costatropic.webrandcr.cloud\/index.php\/wp-json\/wp\/v2\/comments?post=6654"}],"version-history":[{"count":29,"href":"https:\/\/costatropic.webrandcr.cloud\/index.php\/wp-json\/wp\/v2\/pages\/6654\/revisions"}],"predecessor-version":[{"id":7793,"href":"https:\/\/costatropic.webrandcr.cloud\/index.php\/wp-json\/wp\/v2\/pages\/6654\/revisions\/7793"}],"wp:attachment":[{"href":"https:\/\/costatropic.webrandcr.cloud\/index.php\/wp-json\/wp\/v2\/media?parent=6654"}],"curies":[{"name":"wp","href":"https:\/\/api.w.org\/{rel}","templated":true}]}}